{"id":1655,"date":"2022-05-27T11:41:38","date_gmt":"2022-05-27T11:41:38","guid":{"rendered":"http:\/\/helenabratt.pgwebb.se\/?page_id=1655"},"modified":"2022-05-27T19:55:27","modified_gmt":"2022-05-27T19:55:27","slug":"schablonladan","status":"publish","type":"page","link":"http:\/\/helenabratt.pgwebb.se\/index.php\/schablonladan\/","title":{"rendered":"Schablonladan"},"content":{"rendered":"\t\t<div data-elementor-type=\"wp-page\" data-elementor-id=\"1655\" class=\"elementor elementor-1655\">\n\t\t\t\t\t\t\t\t\t<section class=\"elementor-section elementor-top-section elementor-element elementor-element-79b1f83 elementor-section-height-min-height elementor-section-boxed elementor-section-height-default elementor-section-items-middle\" data-id=\"79b1f83\" data-element_type=\"section\" data-settings=\"{&quot;background_background&quot;:&quot;classic&quot;}\">\n\t\t\t\t\t\t\t<div class=\"elementor-background-overlay\"><\/div>\n\t\t\t\t\t\t\t<div class=\"elementor-container elementor-column-gap-default\">\n\t\t\t\t\t<div class=\"elementor-column elementor-col-100 elementor-top-column elementor-element elementor-element-2ace0cd\" data-id=\"2ace0cd\" data-element_type=\"column\">\n\t\t\t<div class=\"elementor-widget-wrap elementor-element-populated\">\n\t\t\t\t\t\t\t\t<div class=\"elementor-element elementor-element-7585fe4 elementor-widget__width-initial elementor-widget elementor-widget-spacer\" data-id=\"7585fe4\" data-element_type=\"widget\" data-widget_type=\"spacer.default\">\n\t\t\t\t<div class=\"elementor-widget-container\">\n\t\t\t<style>\/*! elementor - v3.6.5 - 27-04-2022 *\/\n.e-container.e-container--row .elementor-spacer-inner{width:var(--spacer-size)}.e-container.e-container--column .elementor-spacer-inner,.elementor-column .elementor-spacer-inner{height:var(--spacer-size)}<\/style>\t\t<div class=\"elementor-spacer\">\n\t\t\t<div class=\"elementor-spacer-inner\"><\/div>\n\t\t<\/div>\n\t\t\t\t<\/div>\n\t\t\t\t<\/div>\n\t\t\t\t\t<\/div>\n\t\t<\/div>\n\t\t\t\t\t\t\t<\/div>\n\t\t<\/section>\n\t\t\t\t<section class=\"elementor-section elementor-top-section elementor-element elementor-element-755615d elementor-section-height-min-height elementor-section-boxed elementor-section-height-default elementor-section-items-middle\" data-id=\"755615d\" data-element_type=\"section\" data-settings=\"{&quot;background_background&quot;:&quot;classic&quot;}\">\n\t\t\t\t\t\t\t<div class=\"elementor-background-overlay\"><\/div>\n\t\t\t\t\t\t\t<div class=\"elementor-container elementor-column-gap-default\">\n\t\t\t\t\t<div class=\"elementor-column elementor-col-100 elementor-top-column elementor-element elementor-element-508ebb9\" data-id=\"508ebb9\" data-element_type=\"column\">\n\t\t\t<div class=\"elementor-widget-wrap elementor-element-populated\">\n\t\t\t\t\t\t\t\t<div class=\"elementor-element elementor-element-46a2c2c elementor-widget elementor-widget-heading\" data-id=\"46a2c2c\" data-element_type=\"widget\" data-widget_type=\"heading.default\">\n\t\t\t\t<div class=\"elementor-widget-container\">\n\t\t\t<style>\/*! elementor - v3.6.5 - 27-04-2022 *\/\n.elementor-heading-title{padding:0;margin:0;line-height:1}.elementor-widget-heading .elementor-heading-title[class*=elementor-size-]>a{color:inherit;font-size:inherit;line-height:inherit}.elementor-widget-heading .elementor-heading-title.elementor-size-small{font-size:15px}.elementor-widget-heading .elementor-heading-title.elementor-size-medium{font-size:19px}.elementor-widget-heading .elementor-heading-title.elementor-size-large{font-size:29px}.elementor-widget-heading .elementor-heading-title.elementor-size-xl{font-size:39px}.elementor-widget-heading .elementor-heading-title.elementor-size-xxl{font-size:59px}<\/style><h1 class=\"elementor-heading-title elementor-size-default\">Schablonladan<\/h1>\t\t<\/div>\n\t\t\t\t<\/div>\n\t\t\t\t<div class=\"elementor-element elementor-element-02ee5e4 elementor-widget elementor-widget-text-editor\" data-id=\"02ee5e4\" data-element_type=\"widget\" data-widget_type=\"text-editor.default\">\n\t\t\t\t<div class=\"elementor-widget-container\">\n\t\t\t<style>\/*! elementor - v3.6.5 - 27-04-2022 *\/\n.elementor-widget-text-editor.elementor-drop-cap-view-stacked .elementor-drop-cap{background-color:#818a91;color:#fff}.elementor-widget-text-editor.elementor-drop-cap-view-framed .elementor-drop-cap{color:#818a91;border:3px solid;background-color:transparent}.elementor-widget-text-editor:not(.elementor-drop-cap-view-default) .elementor-drop-cap{margin-top:8px}.elementor-widget-text-editor:not(.elementor-drop-cap-view-default) .elementor-drop-cap-letter{width:1em;height:1em}.elementor-widget-text-editor .elementor-drop-cap{float:left;text-align:center;line-height:1;font-size:50px}.elementor-widget-text-editor .elementor-drop-cap-letter{display:inline-block}<\/style>\t\t\t\t<p>&#8211; ett projekt f\u00f6r att uppm\u00e4rksamma gamla kulturskatter<\/p>\t\t\t\t\t\t<\/div>\n\t\t\t\t<\/div>\n\t\t\t\t\t<\/div>\n\t\t<\/div>\n\t\t\t\t\t\t\t<\/div>\n\t\t<\/section>\n\t\t\t\t<section class=\"elementor-section elementor-top-section elementor-element elementor-element-289a55a elementor-section-boxed elementor-section-height-default elementor-section-height-default\" data-id=\"289a55a\" data-element_type=\"section\">\n\t\t\t\t\t\t<div class=\"elementor-container elementor-column-gap-default\">\n\t\t\t\t\t<div class=\"elementor-column elementor-col-100 elementor-top-column elementor-element elementor-element-b2d8564\" data-id=\"b2d8564\" data-element_type=\"column\">\n\t\t\t<div class=\"elementor-widget-wrap elementor-element-populated\">\n\t\t\t\t\t\t\t\t<div class=\"elementor-element elementor-element-fbb11ec elementor-widget elementor-widget-image\" data-id=\"fbb11ec\" data-element_type=\"widget\" data-widget_type=\"image.default\">\n\t\t\t\t<div class=\"elementor-widget-container\">\n\t\t\t<style>\/*! elementor - v3.6.5 - 27-04-2022 *\/\n.elementor-widget-image{text-align:center}.elementor-widget-image a{display:inline-block}.elementor-widget-image a img[src$=\".svg\"]{width:48px}.elementor-widget-image img{vertical-align:middle;display:inline-block}<\/style>\t\t\t\t\t\t\t\t\t\t\t\t<img width=\"480\" height=\"480\" src=\"http:\/\/helenabratt.pgwebb.se\/wp-content\/uploads\/2022\/05\/gamla-ladan.jpg\" class=\"attachment-full size-full\" alt=\"\" loading=\"lazy\" srcset=\"http:\/\/helenabratt.pgwebb.se\/wp-content\/uploads\/2022\/05\/gamla-ladan.jpg 480w, http:\/\/helenabratt.pgwebb.se\/wp-content\/uploads\/2022\/05\/gamla-ladan-300x300.jpg 300w, http:\/\/helenabratt.pgwebb.se\/wp-content\/uploads\/2022\/05\/gamla-ladan-150x150.jpg 150w\" sizes=\"(max-width: 480px) 100vw, 480px\" \/>\t\t\t\t\t\t\t\t\t\t\t\t\t\t\t<\/div>\n\t\t\t\t<\/div>\n\t\t\t\t<section class=\"elementor-section elementor-inner-section elementor-element elementor-element-6e46b04 elementor-section-boxed elementor-section-height-default elementor-section-height-default\" data-id=\"6e46b04\" data-element_type=\"section\">\n\t\t\t\t\t\t<div class=\"elementor-container elementor-column-gap-default\">\n\t\t\t\t\t<div class=\"elementor-column elementor-col-100 elementor-inner-column elementor-element elementor-element-28d3e57\" data-id=\"28d3e57\" data-element_type=\"column\">\n\t\t\t<div class=\"elementor-widget-wrap elementor-element-populated\">\n\t\t\t\t\t\t\t\t<div class=\"elementor-element elementor-element-14860aa elementor-widget elementor-widget-heading\" data-id=\"14860aa\" data-element_type=\"widget\" data-widget_type=\"heading.default\">\n\t\t\t\t<div class=\"elementor-widget-container\">\n\t\t\t<h3 class=\"elementor-heading-title elementor-size-default\">varf\u00f6r?<\/h3>\t\t<\/div>\n\t\t\t\t<\/div>\n\t\t\t\t<div class=\"elementor-element elementor-element-bbaa710 elementor-widget elementor-widget-text-editor\" data-id=\"bbaa710\" data-element_type=\"widget\" data-widget_type=\"text-editor.default\">\n\t\t\t\t<div class=\"elementor-widget-container\">\n\t\t\t\t\t\t\t<p>Id\u00e9n med Schablonladan \u00e4r att uppm\u00e4rksamma de hantverk som m\u00e5nga i dagens samh\u00e4lle inte kommer i kontakt med: det traditionella schablonm\u00e5leriet. Originalm\u00f6nstret kommer fr\u00e5n V\u00e4steby Rengsj\u00f6 hembygdsby och \u00e4r en schablontapet m\u00e5lad \u00e5r 1850 av Anders Olsson och hans son.<\/p>\t\t\t\t\t\t<\/div>\n\t\t\t\t<\/div>\n\t\t\t\t<div class=\"elementor-element elementor-element-e0957d1 elementor-widget elementor-widget-heading\" data-id=\"e0957d1\" data-element_type=\"widget\" data-widget_type=\"heading.default\">\n\t\t\t\t<div class=\"elementor-widget-container\">\n\t\t\t<h3 class=\"elementor-heading-title elementor-size-default\">hur?<\/h3>\t\t<\/div>\n\t\t\t\t<\/div>\n\t\t\t\t<div class=\"elementor-element elementor-element-111864d elementor-widget elementor-widget-text-editor\" data-id=\"111864d\" data-element_type=\"widget\" data-widget_type=\"text-editor.default\">\n\t\t\t\t<div class=\"elementor-widget-container\">\n\t\t\t\t\t\t\t<p>Under cirka tv\u00e5 m\u00e5naders tid augusti-september 2012 utf\u00f6rdes de praktiska arbetet. Ett tjugotal personer var involverade. Det innefattade: lagning av trasiga delar av v\u00e4gg, borttagning av gammal slamf\u00e4rg fr\u00e5n v\u00e4ggarna, in oljning av v\u00e4gg, grundm\u00e5lning, uppm\u00e4tning\/ upps\u00e4ttning av rutsystem, \u00f6verf\u00f6rning av m\u00f6nster fr\u00e5n skiss till v\u00e4gg, f\u00e4rgl\u00e4ggning i tv\u00e5 omg\u00e5ngar samt ett sista lager med de svarta prickarna och upps\u00e4ttning av belysning.<\/p>\t\t\t\t\t\t<\/div>\n\t\t\t\t<\/div>\n\t\t\t\t<div class=\"elementor-element elementor-element-c597dad elementor-widget elementor-widget-heading\" data-id=\"c597dad\" data-element_type=\"widget\" data-widget_type=\"heading.default\">\n\t\t\t\t<div class=\"elementor-widget-container\">\n\t\t\t<h3 class=\"elementor-heading-title elementor-size-default\">storlek?<\/h3>\t\t<\/div>\n\t\t\t\t<\/div>\n\t\t\t\t<div class=\"elementor-element elementor-element-6d52950 elementor-widget elementor-widget-text-editor\" data-id=\"6d52950\" data-element_type=\"widget\" data-widget_type=\"text-editor.default\">\n\t\t\t\t<div class=\"elementor-widget-container\">\n\t\t\t\t\t\t\t<p>Den m\u00f6nstrade v\u00e4ggen \u00e4r ungef\u00e4r fyra meter h\u00f6g och tolv meter bred.<\/p>\t\t\t\t\t\t<\/div>\n\t\t\t\t<\/div>\n\t\t\t\t<div class=\"elementor-element elementor-element-4d2d699 elementor-widget elementor-widget-heading\" data-id=\"4d2d699\" data-element_type=\"widget\" data-widget_type=\"heading.default\">\n\t\t\t\t<div class=\"elementor-widget-container\">\n\t\t\t<h3 class=\"elementor-heading-title elementor-size-default\">vilket material & varf\u00f6r?<\/h3>\t\t<\/div>\n\t\t\t\t<\/div>\n\t\t\t\t<div class=\"elementor-element elementor-element-7c460a9 elementor-widget elementor-widget-text-editor\" data-id=\"7c460a9\" data-element_type=\"widget\" data-widget_type=\"text-editor.default\">\n\t\t\t\t<div class=\"elementor-widget-container\">\n\t\t\t\t\t\t\t<p>Vi har arbetat med traditionella linoljef\u00e4rger fr\u00e5n Engwall &amp; Claesson p\u00e5 den m\u00f6nstrade v\u00e4ggen, p\u00e5 \u00f6vriga v\u00e4ggar har r\u00f6d slamf\u00e4rg anv\u00e4nts, detta ink\u00f6pt hos Ovolin F\u00e4rg &amp; Byggnadsv\u00e5rd. Penslarna som anv\u00e4ndes kommer fr\u00e5n Gnesta Penseln.<\/p>\t\t\t\t\t\t<\/div>\n\t\t\t\t<\/div>\n\t\t\t\t<div class=\"elementor-element elementor-element-c7aee3d elementor-widget elementor-widget-text-editor\" data-id=\"c7aee3d\" data-element_type=\"widget\" data-widget_type=\"text-editor.default\">\n\t\t\t\t<div class=\"elementor-widget-container\">\n\t\t\t\t\t\t\t<p>Vi har arbetat med traditionella linoljef\u00e4rger fr\u00e5n Engwall &amp; Claesson p\u00e5 den m\u00f6nstrade v\u00e4ggen, p\u00e5 \u00f6vriga v\u00e4ggar har r\u00f6d slamf\u00e4rg anv\u00e4nts, detta ink\u00f6pt hos Ovolin F\u00e4rg &amp; Byggnadsv\u00e5rd. Penslarna som anv\u00e4ndes kommer fr\u00e5n Gnesta Penseln.<\/p>\t\t\t\t\t\t<\/div>\n\t\t\t\t<\/div>\n\t\t\t\t<div class=\"elementor-element elementor-element-268ea3a elementor-widget elementor-widget-heading\" data-id=\"268ea3a\" data-element_type=\"widget\" data-widget_type=\"heading.default\">\n\t\t\t\t<div class=\"elementor-widget-container\">\n\t\t\t<h3 class=\"elementor-heading-title elementor-size-default\">var?<\/h3>\t\t<\/div>\n\t\t\t\t<\/div>\n\t\t\t\t<div class=\"elementor-element elementor-element-bfbb3c6 elementor-widget elementor-widget-text-editor\" data-id=\"bfbb3c6\" data-element_type=\"widget\" data-widget_type=\"text-editor.default\">\n\t\t\t\t<div class=\"elementor-widget-container\">\n\t\t\t\t\t\t\t<p>Invid riksv\u00e4g 50 mellan Bolln\u00e4s och S\u00f6derhamn i h\u00f6jd med Ohlandersg\u00e5rdens STF vandrarhem i Knyssla, Rengsj\u00f6.<\/p>\t\t\t\t\t\t<\/div>\n\t\t\t\t<\/div>\n\t\t\t\t<div class=\"elementor-element elementor-element-c6517c6 elementor-widget elementor-widget-heading\" data-id=\"c6517c6\" data-element_type=\"widget\" data-widget_type=\"heading.default\">\n\t\t\t\t<div class=\"elementor-widget-container\">\n\t\t\t<h3 class=\"elementor-heading-title elementor-size-default\">sponsorer<\/h3>\t\t<\/div>\n\t\t\t\t<\/div>\n\t\t\t\t<div class=\"elementor-element elementor-element-015330d elementor-widget elementor-widget-text-editor\" data-id=\"015330d\" data-element_type=\"widget\" data-widget_type=\"text-editor.default\">\n\t\t\t\t<div class=\"elementor-widget-container\">\n\t\t\t\t\t\t\t<p>Anders &amp; Elisabet Sedwalls stiftelse, Ovolin F\u00e4rg &amp; Byggnadsv\u00e5rd, Gnesta Penseln, Capellag\u00e5rdens V\u00e4nner, V\u00e4sterby Rengsj\u00f6 Hembygdsf\u00f6rening, St\u00e4llningsmontage &amp; industritj\u00e4nst AB, Ohlandersg\u00e5rden STF vandrarhem Rengsj\u00f6, Audio Video S\u00f6derhamn.<\/p>\t\t\t\t\t\t<\/div>\n\t\t\t\t<\/div>\n\t\t\t\t<div class=\"elementor-element elementor-element-d11cb9d elementor-widget elementor-widget-heading\" data-id=\"d11cb9d\" data-element_type=\"widget\" data-widget_type=\"heading.default\">\n\t\t\t\t<div class=\"elementor-widget-container\">\n\t\t\t<h3 class=\"elementor-heading-title elementor-size-default\">de som idieellt hj\u00e4lp till med projektet<\/h3>\t\t<\/div>\n\t\t\t\t<\/div>\n\t\t\t\t<div class=\"elementor-element elementor-element-267b843 elementor-widget elementor-widget-text-editor\" data-id=\"267b843\" data-element_type=\"widget\" data-widget_type=\"text-editor.default\">\n\t\t\t\t<div class=\"elementor-widget-container\">\n\t\t\t\t\t\t\t<p>Klara Albertsson Bor\u00e5s, Naoko Okada Japan, David Larsson Bolln\u00e4s, Anna Larson Rengsj\u00f6, David Larson Rengsj\u00f6, Eric Wafula Bolln\u00e4s, Martin Eltermann Skara, Hiroshi Ito Japan, Mikael Edstr\u00f6m Rengsj\u00f6, Lennart From Rengsj\u00f6, Haruka Furuyama Japan, Mathilda Carlsson Bredsj\u00f6, Johanna Margareta Nilsson Halmstad, Yumi Arai Japan, Sara Guldbacke Sala, Catrin Lundgren Liding\u00f6, Lukas Eriksson Udevalla, Emelie Zetteberg Norrala, Sandra Eriksson Bolln\u00e4s, Per Bratt S\u00f6derhamn, G\u00f6ran &amp; Kristina Bratt Rengsj\u00f6.<\/p>\t\t\t\t\t\t<\/div>\n\t\t\t\t<\/div>\n\t\t\t\t<div class=\"elementor-element elementor-element-4f9710d elementor-widget elementor-widget-heading\" data-id=\"4f9710d\" data-element_type=\"widget\" data-widget_type=\"heading.default\">\n\t\t\t\t<div class=\"elementor-widget-container\">\n\t\t\t<h3 class=\"elementor-heading-title elementor-size-default\">mer info<\/h3>\t\t<\/div>\n\t\t\t\t<\/div>\n\t\t\t\t<div class=\"elementor-element elementor-element-ee62d0c elementor-widget elementor-widget-text-editor\" data-id=\"ee62d0c\" data-element_type=\"widget\" data-widget_type=\"text-editor.default\">\n\t\t\t\t<div class=\"elementor-widget-container\">\n\t\t\t\t\t\t\t<p>Min gamla projektblogg: <a href=\"https:\/\/helenabratt.blogg.se\/\" target=\"_blank\" rel=\"noopener\">helenabratt.blogg.se<\/a><\/p><p>Projektblogg p\u00e5 tidningen <a href=\"http:\/\/www.hemslojd-tidningen.se\/schablonladan\/\" target=\"_blank\" rel=\"noopener\">Hemsl\u00f6jds hemsida<\/a><\/p>\t\t\t\t\t\t<\/div>\n\t\t\t\t<\/div>\n\t\t\t\t\t<\/div>\n\t\t<\/div>\n\t\t\t\t\t\t\t<\/div>\n\t\t<\/section>\n\t\t\t\t\t<\/div>\n\t\t<\/div>\n\t\t\t\t\t\t\t<\/div>\n\t\t<\/section>\n\t\t\t\t\t\t\t<\/div>\n\t\t","protected":false},"excerpt":{"rendered":"<p>Schablonladan &#8211; ett projekt f\u00f6r att uppm\u00e4rksamma gamla kulturskatter varf\u00f6r? Id\u00e9n med Schablonladan \u00e4r att uppm\u00e4rksamma de hantverk som m\u00e5nga i dagens samh\u00e4lle inte kommer i kontakt med: det traditionella schablonm\u00e5leriet. Originalm\u00f6nstret kommer fr\u00e5n V\u00e4steby Rengsj\u00f6 hembygdsby och \u00e4r en schablontapet m\u00e5lad \u00e5r 1850 av Anders Olsson och hans son. hur? Under cirka tv\u00e5 m\u00e5naders &hellip;<\/p>\n<p class=\"read-more\"> <a class=\"\" href=\"http:\/\/helenabratt.pgwebb.se\/index.php\/schablonladan\/\"> <span class=\"screen-reader-text\">Schablonladan<\/span> Read More &raquo;<\/a><\/p>\n","protected":false},"author":1,"featured_media":0,"parent":0,"menu_order":0,"comment_status":"closed","ping_status":"closed","template":"elementor_theme","meta":{"site-sidebar-layout":"no-sidebar","site-content-layout":"page-builder","ast-global-header-display":"","ast-main-header-display":"","ast-hfb-above-header-display":"","ast-hfb-below-header-display":"","ast-hfb-mobile-header-display":"","site-post-title":"disabled","ast-breadcrumbs-content":"","ast-featured-img":"disabled","footer-sml-layout":"","theme-transparent-header-meta":"","adv-header-id-meta":"","stick-header-meta":"","header-above-stick-meta":"","header-main-stick-meta":"","header-below-stick-meta":""},"_links":{"self":[{"href":"http:\/\/helenabratt.pgwebb.se\/index.php\/wp-json\/wp\/v2\/pages\/1655"}],"collection":[{"href":"http:\/\/helenabratt.pgwebb.se\/index.php\/wp-json\/wp\/v2\/pages"}],"about":[{"href":"http:\/\/helenabratt.pgwebb.se\/index.php\/wp-json\/wp\/v2\/types\/page"}],"author":[{"embeddable":true,"href":"http:\/\/helenabratt.pgwebb.se\/index.php\/wp-json\/wp\/v2\/users\/1"}],"replies":[{"embeddable":true,"href":"http:\/\/helenabratt.pgwebb.se\/index.php\/wp-json\/wp\/v2\/comments?post=1655"}],"version-history":[{"count":49,"href":"http:\/\/helenabratt.pgwebb.se\/index.php\/wp-json\/wp\/v2\/pages\/1655\/revisions"}],"predecessor-version":[{"id":1843,"href":"http:\/\/helenabratt.pgwebb.se\/index.php\/wp-json\/wp\/v2\/pages\/1655\/revisions\/1843"}],"wp:attachment":[{"href":"http:\/\/helenabratt.pgwebb.se\/index.php\/wp-json\/wp\/v2\/media?parent=1655"}],"curies":[{"name":"wp","href":"https:\/\/api.w.org\/{rel}","templated":true}]}}